{"id":16,"date":"2022-05-23T21:23:16","date_gmt":"2022-05-23T19:23:16","guid":{"rendered":"http:\/\/box.gourmandinha.com\/?page_id=16"},"modified":"2022-06-06T14:30:20","modified_gmt":"2022-06-06T12:30:20","slug":"entreprises","status":"publish","type":"page","link":"https:\/\/box.gourmandinha.com\/index.php\/entreprises\/","title":{"rendered":"Entreprises"},"content":{"rendered":"\t\t<div data-elementor-type=\"wp-page\" data-elementor-id=\"16\" class=\"elementor elementor-16\">\n\t\t\t\t\t\t<section class=\"elementor-section elementor-top-section elementor-element elementor-element-4a03cfc elementor-section-boxed elementor-section-height-default elementor-section-height-default\" data-id=\"4a03cfc\" data-element_type=\"section\" data-e-type=\"section\">\n\t\t\t\t\t\t<div class=\"elementor-container elementor-column-gap-default\">\n\t\t\t\t\t<div class=\"elementor-column elementor-col-100 elementor-top-column elementor-element elementor-element-8c27ba4\" data-id=\"8c27ba4\" data-element_type=\"column\" data-e-type=\"column\">\n\t\t\t<div class=\"elementor-widget-wrap elementor-element-populated\">\n\t\t\t\t\t\t<div class=\"elementor-element elementor-element-ba7af63 elementor-widget elementor-widget-heading\" data-id=\"ba7af63\" data-element_type=\"widget\" data-e-type=\"widget\" data-widget_type=\"heading.default\">\n\t\t\t\t<div class=\"elementor-widget-container\">\n\t\t\t\t\t<h3 class=\"elementor-heading-title elementor-size-default\">Coffrets gourmands pour entreprises et CE<\/h3>\t\t\t\t<\/div>\n\t\t\t\t<\/div>\n\t\t\t\t\t<\/div>\n\t\t<\/div>\n\t\t\t\t\t<\/div>\n\t\t<\/section>\n\t\t\t\t<section class=\"elementor-section elementor-top-section elementor-element elementor-element-a148026 elementor-section-boxed elementor-section-height-default elementor-section-height-default\" data-id=\"a148026\" data-element_type=\"section\" data-e-type=\"section\">\n\t\t\t\t\t\t<div class=\"elementor-container elementor-column-gap-default\">\n\t\t\t\t\t<div class=\"elementor-column elementor-col-100 elementor-top-column elementor-element elementor-element-7cf970d\" data-id=\"7cf970d\" data-element_type=\"column\" data-e-type=\"column\">\n\t\t\t<div class=\"elementor-widget-wrap elementor-element-populated\">\n\t\t\t\t\t\t<div class=\"elementor-element elementor-element-6afde04 elementor-widget elementor-widget-image\" data-id=\"6afde04\" data-element_type=\"widget\" data-e-type=\"widget\" data-settings=\"{&quot;_animation&quot;:&quot;none&quot;}\" data-widget_type=\"image.default\">\n\t\t\t\t<div class=\"elementor-widget-container\">\n\t\t\t\t\t\t\t\t\t\t\t\t\t\t\t<img fetchpriority=\"high\" decoding=\"async\" width=\"768\" height=\"432\" src=\"https:\/\/box.gourmandinha.com\/wp-content\/uploads\/2022\/06\/07-768x432.png\" class=\"attachment-medium_large size-medium_large wp-image-101\" alt=\"\" srcset=\"https:\/\/box.gourmandinha.com\/wp-content\/uploads\/2022\/06\/07-768x432.png 768w, https:\/\/box.gourmandinha.com\/wp-content\/uploads\/2022\/06\/07-600x338.png 600w, https:\/\/box.gourmandinha.com\/wp-content\/uploads\/2022\/06\/07-300x169.png 300w, https:\/\/box.gourmandinha.com\/wp-content\/uploads\/2022\/06\/07-1024x576.png 1024w, https:\/\/box.gourmandinha.com\/wp-content\/uploads\/2022\/06\/07-1536x864.png 1536w, https:\/\/box.gourmandinha.com\/wp-content\/uploads\/2022\/06\/07.png 1920w, https:\/\/box.gourmandinha.com\/wp-content\/uploads\/2022\/06\/07-800x450.png 800w\" sizes=\"(max-width: 768px) 100vw, 768px\" \/>\t\t\t\t\t\t\t\t\t\t\t\t\t\t\t<\/div>\n\t\t\t\t<\/div>\n\t\t\t\t\t<\/div>\n\t\t<\/div>\n\t\t\t\t\t<\/div>\n\t\t<\/section>\n\t\t\t\t<section class=\"elementor-section elementor-top-section elementor-element elementor-element-ad075ee elementor-section-boxed elementor-section-height-default elementor-section-height-default\" data-id=\"ad075ee\" data-element_type=\"section\" data-e-type=\"section\">\n\t\t\t\t\t\t<div class=\"elementor-container elementor-column-gap-default\">\n\t\t\t\t\t<div class=\"elementor-column elementor-col-100 elementor-top-column elementor-element elementor-element-bb30a3a\" data-id=\"bb30a3a\" data-element_type=\"column\" data-e-type=\"column\">\n\t\t\t<div class=\"elementor-widget-wrap elementor-element-populated\">\n\t\t\t\t\t\t<div class=\"elementor-element elementor-element-5b633a1 elementor-widget elementor-widget-heading\" data-id=\"5b633a1\" data-element_type=\"widget\" data-e-type=\"widget\" data-widget_type=\"heading.default\">\n\t\t\t\t<div class=\"elementor-widget-container\">\n\t\t\t\t\t<h4 class=\"elementor-heading-title elementor-size-default\">Offrez un coffret original, gourmand et personnalis\u00e9 pour r\u00e9compenser, fid\u00e9liser et remercier vos clients et salari\u00e9s<\/h4>\t\t\t\t<\/div>\n\t\t\t\t<\/div>\n\t\t\t\t<div class=\"elementor-element elementor-element-72557db elementor-widget elementor-widget-text-editor\" data-id=\"72557db\" data-element_type=\"widget\" data-e-type=\"widget\" data-widget_type=\"text-editor.default\">\n\t\t\t\t<div class=\"elementor-widget-container\">\n\t\t\t\t\t\t\t\t\t<p>Pour vous changer des cadeaux traditionnels, Gourmandinha vous propose une large gamme de coffrets gourmands \u00e9l\u00e9gants garnis de produits avec une qualit\u00e9 premium s\u00e9lectionn\u00e9s avec le plus grand soin. Nous vous proposons des cr\u00e9ations selon vos envies et budgets.<span class=\"Apple-converted-space\">\u00a0<\/span><\/p>\t\t\t\t\t\t\t\t<\/div>\n\t\t\t\t<\/div>\n\t\t\t\t<div class=\"elementor-element elementor-element-a70bfc1 elementor-widget elementor-widget-text-editor\" data-id=\"a70bfc1\" data-element_type=\"widget\" data-e-type=\"widget\" data-widget_type=\"text-editor.default\">\n\t\t\t\t<div class=\"elementor-widget-container\">\n\t\t\t\t\t\t\t\t\t<ol><li>Coffret personnalisable avec le logo de votre entreprise<\/li><li>Carte de message offert<\/li><li>Livraison en 24-48 H ou date au choix, partout en France.<span class=\"Apple-converted-space\">\u00a0<\/span><\/li><li>Exp\u00e9dition 1 ou plusieurs adresses<\/li><\/ol>\t\t\t\t\t\t\t\t<\/div>\n\t\t\t\t<\/div>\n\t\t\t\t\t<\/div>\n\t\t<\/div>\n\t\t\t\t\t<\/div>\n\t\t<\/section>\n\t\t\t\t<section class=\"elementor-section elementor-top-section elementor-element elementor-element-9172cdf elementor-section-content-middle elementor-section-boxed elementor-section-height-default elementor-section-height-default\" data-id=\"9172cdf\" data-element_type=\"section\" data-e-type=\"section\">\n\t\t\t\t\t\t<div class=\"elementor-container elementor-column-gap-narrow\">\n\t\t\t\t\t<div class=\"elementor-column elementor-col-33 elementor-top-column elementor-element elementor-element-21b7e32\" data-id=\"21b7e32\" data-element_type=\"column\" data-e-type=\"column\">\n\t\t\t<div class=\"elementor-widget-wrap elementor-element-populated\">\n\t\t\t\t\t\t<div class=\"elementor-element elementor-element-c0ad6b0 elementor-view-default elementor-widget elementor-widget-icon\" data-id=\"c0ad6b0\" data-element_type=\"widget\" data-e-type=\"widget\" data-widget_type=\"icon.default\">\n\t\t\t\t<div class=\"elementor-widget-container\">\n\t\t\t\t\t\t\t<div class=\"elementor-icon-wrapper\">\n\t\t\t<div class=\"elementor-icon\">\n\t\t\t<i aria-hidden=\"true\" class=\"fas fa-envelope\"><\/i>\t\t\t<\/div>\n\t\t<\/div>\n\t\t\t\t\t\t<\/div>\n\t\t\t\t<\/div>\n\t\t\t\t\t<\/div>\n\t\t<\/div>\n\t\t\t\t<div class=\"elementor-column elementor-col-66 elementor-top-column elementor-element elementor-element-71ec4f9\" data-id=\"71ec4f9\" data-element_type=\"column\" data-e-type=\"column\">\n\t\t\t<div class=\"elementor-widget-wrap elementor-element-populated\">\n\t\t\t\t\t\t<div class=\"elementor-element elementor-element-3c8c3d1 elementor-widget elementor-widget-text-editor\" data-id=\"3c8c3d1\" data-element_type=\"widget\" data-e-type=\"widget\" data-widget_type=\"text-editor.default\">\n\t\t\t\t<div class=\"elementor-widget-container\">\n\t\t\t\t\t\t\t\t\t<p><a href=\"info@lagourmetbox.com\">Nous contacter<\/a><\/p>\t\t\t\t\t\t\t\t<\/div>\n\t\t\t\t<\/div>\n\t\t\t\t\t<\/div>\n\t\t<\/div>\n\t\t\t\t\t<\/div>\n\t\t<\/section>\n\t\t\t\t<\/div>\n\t\t","protected":false},"excerpt":{"rendered":"<p>Coffrets gourmands pour entreprises et CE Offrez un coffret original, gourmand et personnalis\u00e9 pour r\u00e9compenser, fid\u00e9liser et remercier vos clients et salari\u00e9s Pour vous changer des cadeaux traditionnels, Gourmandinha vous propose une large gamme de coffrets gourmands \u00e9l\u00e9gants garnis de produits avec une qualit\u00e9 premium s\u00e9lectionn\u00e9s avec le plus grand soin. Nous vous proposons des [&hellip;]<\/p>\n","protected":false},"author":1,"featured_media":0,"parent":0,"menu_order":0,"comment_status":"closed","ping_status":"closed","template":"","meta":{"footnotes":""},"class_list":["post-16","page","type-page","status-publish","hentry","entry","owp-thumbs-layout-horizontal","owp-btn-normal","owp-tabs-layout-horizontal","has-no-thumbnails","circle-sale"],"yoast_head":"<!-- This site is optimized with the Yoast SEO plugin v27.4 - https:\/\/yoast.com\/product\/yoast-seo-wordpress\/ -->\n<title>Entreprises - Gourmandinha<\/title>\n<meta name=\"robots\" content=\"index, follow, max-snippet:-1, max-image-preview:large, max-video-preview:-1\" \/>\n<link rel=\"canonical\" href=\"https:\/\/box.gourmandinha.com\/index.php\/entreprises\/\" \/>\n<meta property=\"og:locale\" content=\"fr_FR\" \/>\n<meta property=\"og:type\" content=\"article\" \/>\n<meta property=\"og:title\" content=\"Entreprises - Gourmandinha\" \/>\n<meta property=\"og:description\" content=\"Coffrets gourmands pour entreprises et CE Offrez un coffret original, gourmand et personnalis\u00e9 pour r\u00e9compenser, fid\u00e9liser et remercier vos clients et salari\u00e9s Pour vous changer des cadeaux traditionnels, Gourmandinha vous propose une large gamme de coffrets gourmands \u00e9l\u00e9gants garnis de produits avec une qualit\u00e9 premium s\u00e9lectionn\u00e9s avec le plus grand soin. Nous vous proposons des [&hellip;]\" \/>\n<meta property=\"og:url\" content=\"https:\/\/box.gourmandinha.com\/index.php\/entreprises\/\" \/>\n<meta property=\"og:site_name\" content=\"Gourmandinha\" \/>\n<meta property=\"article:modified_time\" content=\"2022-06-06T12:30:20+00:00\" \/>\n<meta property=\"og:image\" content=\"https:\/\/box.gourmandinha.com\/wp-content\/uploads\/2022\/06\/07-768x432.png\" \/>\n<meta name=\"twitter:card\" content=\"summary_large_image\" \/>\n<script type=\"application\/ld+json\" class=\"yoast-schema-graph\">{\"@context\":\"https:\\\/\\\/schema.org\",\"@graph\":[{\"@type\":\"WebPage\",\"@id\":\"https:\\\/\\\/box.gourmandinha.com\\\/index.php\\\/entreprises\\\/\",\"url\":\"https:\\\/\\\/box.gourmandinha.com\\\/index.php\\\/entreprises\\\/\",\"name\":\"Entreprises - Gourmandinha\",\"isPartOf\":{\"@id\":\"https:\\\/\\\/box.gourmandinha.com\\\/#website\"},\"primaryImageOfPage\":{\"@id\":\"https:\\\/\\\/box.gourmandinha.com\\\/index.php\\\/entreprises\\\/#primaryimage\"},\"image\":{\"@id\":\"https:\\\/\\\/box.gourmandinha.com\\\/index.php\\\/entreprises\\\/#primaryimage\"},\"thumbnailUrl\":\"https:\\\/\\\/box.gourmandinha.com\\\/wp-content\\\/uploads\\\/2022\\\/06\\\/07-768x432.png\",\"datePublished\":\"2022-05-23T19:23:16+00:00\",\"dateModified\":\"2022-06-06T12:30:20+00:00\",\"breadcrumb\":{\"@id\":\"https:\\\/\\\/box.gourmandinha.com\\\/index.php\\\/entreprises\\\/#breadcrumb\"},\"inLanguage\":\"fr-FR\",\"potentialAction\":[{\"@type\":\"ReadAction\",\"target\":[\"https:\\\/\\\/box.gourmandinha.com\\\/index.php\\\/entreprises\\\/\"]}]},{\"@type\":\"ImageObject\",\"inLanguage\":\"fr-FR\",\"@id\":\"https:\\\/\\\/box.gourmandinha.com\\\/index.php\\\/entreprises\\\/#primaryimage\",\"url\":\"https:\\\/\\\/box.gourmandinha.com\\\/wp-content\\\/uploads\\\/2022\\\/06\\\/07.png\",\"contentUrl\":\"https:\\\/\\\/box.gourmandinha.com\\\/wp-content\\\/uploads\\\/2022\\\/06\\\/07.png\",\"width\":1920,\"height\":1080},{\"@type\":\"BreadcrumbList\",\"@id\":\"https:\\\/\\\/box.gourmandinha.com\\\/index.php\\\/entreprises\\\/#breadcrumb\",\"itemListElement\":[{\"@type\":\"ListItem\",\"position\":1,\"name\":\"Accueil\",\"item\":\"https:\\\/\\\/box.gourmandinha.com\\\/\"},{\"@type\":\"ListItem\",\"position\":2,\"name\":\"Entreprises\"}]},{\"@type\":\"WebSite\",\"@id\":\"https:\\\/\\\/box.gourmandinha.com\\\/#website\",\"url\":\"https:\\\/\\\/box.gourmandinha.com\\\/\",\"name\":\"Gourmandinha\",\"description\":\"\",\"publisher\":{\"@id\":\"https:\\\/\\\/box.gourmandinha.com\\\/#organization\"},\"potentialAction\":[{\"@type\":\"SearchAction\",\"target\":{\"@type\":\"EntryPoint\",\"urlTemplate\":\"https:\\\/\\\/box.gourmandinha.com\\\/?s={search_term_string}\"},\"query-input\":{\"@type\":\"PropertyValueSpecification\",\"valueRequired\":true,\"valueName\":\"search_term_string\"}}],\"inLanguage\":\"fr-FR\"},{\"@type\":\"Organization\",\"@id\":\"https:\\\/\\\/box.gourmandinha.com\\\/#organization\",\"name\":\"Gourmandinha\",\"url\":\"https:\\\/\\\/box.gourmandinha.com\\\/\",\"logo\":{\"@type\":\"ImageObject\",\"inLanguage\":\"fr-FR\",\"@id\":\"https:\\\/\\\/box.gourmandinha.com\\\/#\\\/schema\\\/logo\\\/image\\\/\",\"url\":\"https:\\\/\\\/box.gourmandinha.com\\\/wp-content\\\/uploads\\\/2022\\\/06\\\/cropped-Ativo-224.png\",\"contentUrl\":\"https:\\\/\\\/box.gourmandinha.com\\\/wp-content\\\/uploads\\\/2022\\\/06\\\/cropped-Ativo-224.png\",\"width\":2836,\"height\":466,\"caption\":\"Gourmandinha\"},\"image\":{\"@id\":\"https:\\\/\\\/box.gourmandinha.com\\\/#\\\/schema\\\/logo\\\/image\\\/\"}}]}<\/script>\n<!-- \/ Yoast SEO plugin. -->","yoast_head_json":{"title":"Entreprises - Gourmandinha","robots":{"index":"index","follow":"follow","max-snippet":"max-snippet:-1","max-image-preview":"max-image-preview:large","max-video-preview":"max-video-preview:-1"},"canonical":"https:\/\/box.gourmandinha.com\/index.php\/entreprises\/","og_locale":"fr_FR","og_type":"article","og_title":"Entreprises - Gourmandinha","og_description":"Coffrets gourmands pour entreprises et CE Offrez un coffret original, gourmand et personnalis\u00e9 pour r\u00e9compenser, fid\u00e9liser et remercier vos clients et salari\u00e9s Pour vous changer des cadeaux traditionnels, Gourmandinha vous propose une large gamme de coffrets gourmands \u00e9l\u00e9gants garnis de produits avec une qualit\u00e9 premium s\u00e9lectionn\u00e9s avec le plus grand soin. Nous vous proposons des [&hellip;]","og_url":"https:\/\/box.gourmandinha.com\/index.php\/entreprises\/","og_site_name":"Gourmandinha","article_modified_time":"2022-06-06T12:30:20+00:00","og_image":[{"url":"https:\/\/box.gourmandinha.com\/wp-content\/uploads\/2022\/06\/07-768x432.png","type":"","width":"","height":""}],"twitter_card":"summary_large_image","schema":{"@context":"https:\/\/schema.org","@graph":[{"@type":"WebPage","@id":"https:\/\/box.gourmandinha.com\/index.php\/entreprises\/","url":"https:\/\/box.gourmandinha.com\/index.php\/entreprises\/","name":"Entreprises - Gourmandinha","isPartOf":{"@id":"https:\/\/box.gourmandinha.com\/#website"},"primaryImageOfPage":{"@id":"https:\/\/box.gourmandinha.com\/index.php\/entreprises\/#primaryimage"},"image":{"@id":"https:\/\/box.gourmandinha.com\/index.php\/entreprises\/#primaryimage"},"thumbnailUrl":"https:\/\/box.gourmandinha.com\/wp-content\/uploads\/2022\/06\/07-768x432.png","datePublished":"2022-05-23T19:23:16+00:00","dateModified":"2022-06-06T12:30:20+00:00","breadcrumb":{"@id":"https:\/\/box.gourmandinha.com\/index.php\/entreprises\/#breadcrumb"},"inLanguage":"fr-FR","potentialAction":[{"@type":"ReadAction","target":["https:\/\/box.gourmandinha.com\/index.php\/entreprises\/"]}]},{"@type":"ImageObject","inLanguage":"fr-FR","@id":"https:\/\/box.gourmandinha.com\/index.php\/entreprises\/#primaryimage","url":"https:\/\/box.gourmandinha.com\/wp-content\/uploads\/2022\/06\/07.png","contentUrl":"https:\/\/box.gourmandinha.com\/wp-content\/uploads\/2022\/06\/07.png","width":1920,"height":1080},{"@type":"BreadcrumbList","@id":"https:\/\/box.gourmandinha.com\/index.php\/entreprises\/#breadcrumb","itemListElement":[{"@type":"ListItem","position":1,"name":"Accueil","item":"https:\/\/box.gourmandinha.com\/"},{"@type":"ListItem","position":2,"name":"Entreprises"}]},{"@type":"WebSite","@id":"https:\/\/box.gourmandinha.com\/#website","url":"https:\/\/box.gourmandinha.com\/","name":"Gourmandinha","description":"","publisher":{"@id":"https:\/\/box.gourmandinha.com\/#organization"},"potentialAction":[{"@type":"SearchAction","target":{"@type":"EntryPoint","urlTemplate":"https:\/\/box.gourmandinha.com\/?s={search_term_string}"},"query-input":{"@type":"PropertyValueSpecification","valueRequired":true,"valueName":"search_term_string"}}],"inLanguage":"fr-FR"},{"@type":"Organization","@id":"https:\/\/box.gourmandinha.com\/#organization","name":"Gourmandinha","url":"https:\/\/box.gourmandinha.com\/","logo":{"@type":"ImageObject","inLanguage":"fr-FR","@id":"https:\/\/box.gourmandinha.com\/#\/schema\/logo\/image\/","url":"https:\/\/box.gourmandinha.com\/wp-content\/uploads\/2022\/06\/cropped-Ativo-224.png","contentUrl":"https:\/\/box.gourmandinha.com\/wp-content\/uploads\/2022\/06\/cropped-Ativo-224.png","width":2836,"height":466,"caption":"Gourmandinha"},"image":{"@id":"https:\/\/box.gourmandinha.com\/#\/schema\/logo\/image\/"}}]}},"_links":{"self":[{"href":"https:\/\/box.gourmandinha.com\/index.php\/wp-json\/wp\/v2\/pages\/16","targetHints":{"allow":["GET"]}}],"collection":[{"href":"https:\/\/box.gourmandinha.com\/index.php\/wp-json\/wp\/v2\/pages"}],"about":[{"href":"https:\/\/box.gourmandinha.com\/index.php\/wp-json\/wp\/v2\/types\/page"}],"author":[{"embeddable":true,"href":"https:\/\/box.gourmandinha.com\/index.php\/wp-json\/wp\/v2\/users\/1"}],"replies":[{"embeddable":true,"href":"https:\/\/box.gourmandinha.com\/index.php\/wp-json\/wp\/v2\/comments?post=16"}],"version-history":[{"count":0,"href":"https:\/\/box.gourmandinha.com\/index.php\/wp-json\/wp\/v2\/pages\/16\/revisions"}],"wp:attachment":[{"href":"https:\/\/box.gourmandinha.com\/index.php\/wp-json\/wp\/v2\/media?parent=16"}],"curies":[{"name":"wp","href":"https:\/\/api.w.org\/{rel}","templated":true}]}}